.
-4
Let q be -3 - -1 - 2/(-1). Suppose 0 = -q*z - z - 5. Let x(a) be the second derivative of a**3/6 + 4*a**2 + 4176*a. Give x(z).
3
Let m(a) = 3*a**2 + 77*a - 18. Let b be m(-26). Let y(t) = -14*t + 6*t + 1 - b + 7*t. Give y(4).
-11
Let z(b) = 3*b**2 + 514*b**3 - 1 + 434*b**3 - 931*b**3. What is z(-1)?
-15
Let a(o) = 204*o - 363*o + 156*o + 31. Give a(28).
-53
Let r(a) = -37*a - 217. Suppose 40*d - 6434 = -6674. Calculate r(d).
5
Let l(a) = 2*a**2 - 17*a - 44. Let u be l(-2). Let x(c) = 3*c**3 + 2*c**2 + 2*c + 6. Give x(u).
-14
Suppose -13*x + 27*x + 42 = 0. Suppose 0 = 2*s - 4. Let j(m) = -2*m + 3 - m**3 + 2*m**3 + 7*m - m + 6*m**s. Give j(x).
18
Let h(v) = -v**2 - v + 5. Let r be h(-4). Let a(x) be the third derivative of -x**4/12 - 5*x**3/6 + 27*x**2 - 467. Determine a(r).
9
Let u be (-87)/(-27) + (-4)/18. Suppose 0 = u*w + 4*f + 325, -4*f = 2*w - 9 + 223. Let b = w - -103. Let j(i) = i**3 + 8*i**2 - i - 9. Determine j(b).
-1
Let w(y) = y - 10*y + y**2 + 6 - 3. Let a(j) = -125*j + 383. Let m be a(3). Determine w(m).
-5
Let v(x) = -x**3 - 75*x**2 - 81*x - 524. Let b be v(-74). Let h(d) be the first derivative of d**2/2 - 5*d + 7. Calculate h(b).
-11
Let t(b) be the second derivative of -b**7/2520 + b**6/180 - b**5/24 - 21*b**4/2 + 10*b. Let x(c) be the third derivative of t(c). Calculate x(2).
-1
Let i(h) = 178 - 280 - 3*h + 95. What is i(-3)?
2
Let b(r) be the third derivative of r**6/120 + r**5/15 - r**4/12 + r**3/2 + 207829*r**2. Suppose -4*o - 85 = o. Let d = o - -12. What is b(d)?
-12
Let o(j) = j**2 - 42*j - 21. Let i = -12223 + 12265. Determine o(i).
-21
Let y(w) = 11*w**3 - 10*w**2 + 5*w - 17. Let x(f) = -12*f - 186. Let z be x(-16). Let g(p) = 4*p**3 - 3*p**2 + 2*p - 6. Let o(m) = z*y(m) - 17*g(m). Give o(-4).
0
Let i(a) be the first derivative of -22*a - 12 + 1/2*a**2 + 2/3*a**3. Let t(l) be the first derivative of i(l). Determine t(-1).
-3
Let x(t) = 3*t + 2*t**2 - 434184 + 434184. Suppose -3*l = -2*v + 12, -2*l + 4*v = 2*l + 20. Calculate x(l).
2
Let b(r) = r - 3 - 10 + 0. Suppose o + 1042 = -4*x + 1009, 4*o = -2*x - 6. Determine b(x).
-22
Let c = 5039 - 5038. Let p be (-2)/((-2)/(-2) + -2). Let r(g) = 2*g - 6*g**2 + 1 - p + 0*g. What is r(c)?
-5
Let d be 4/10 + (-66)/15. Let c(o) be the second derivative of -o**5/20 - o**4/2 - 2*o**3/3 - 3*o**2/2 + 37711*o. Determine c(d).
-19
Let j = -27 + 11. Let v = -53 + j. Let s = 68 + v. Let u(a) = -a. Give u(s).
1
Let o = -822 - -1376. Let c = -570 + o. Let b(w) = -w**3 - 16*w**2 - 7. What is b(c)?
-7
Suppose -5*w - 5*n - 40 = 0, 48 = 6*w - 11*w - n. Let v be 120/15 + (-3 - w). Let u(b) = -b**2 + 17*b - 20. Give u(v).
10
Suppose 362 = 6*x + 350. Let q(c) = -347*c + x*c**2 - 346*c + 694*c + c**2 + 1. What is q(-1)?
3
Let u(x) = -3*x**3 - 6*x**2 + x + 11. Let w(c) = 10*c**3 + 17*c**2 - 3*c - 34. Let l(k) = 7*u(k) + 2*w(k). Let v = 150 + -158. Give l(v).
1
Let b be 124/(-3)*1/(4/6). Let a = b + 57. Let f(q) = -3*q - 1. What is f(a)?
14
Let g(i) = -6*i - 148. Let x be g(-25). Let s(v) = 13 - 11 + 2*v**x + 2*v - v**3 - 6*v**2 - v - 24. What is s(-5)?
-2
Let r = -21/17 - -59/34. Let b(z) be the second derivative of 0 - 1/20*z**5 + r*z**2 + 1/6*z**3 - 28*z + 1/4*z**4. Calculate b(-2).
19
Let r = 4388 - 4395. Let m(f) = -26*f - 169. What is m(r)?
13
Let b(s) = 260 + s**3 - 9*s**2 + 9*s - 775 + 263 + 265. Determine b(8).
21
Suppose -5*z + 6*u - 3*u = -3812, 3804 = 5*z - u. Let f(b) = -376 - b**2 + z - 373 - b**3. What is f(0)?
11
Let l(q) be the first derivative of q**3/3 + 3*q**2/2 - 10*q + 8713. What is l(-8)?
30
Let d(i) = i**2 + 8*i - 5. Let a be -12*(5/2)/(-5) + -4. Let g be -6 + 4 - (-4*a)/(-2). Give d(g).
-17
Let m(a) = 138*a + 1926. Let r be m(-14). Let g(c) = -3*c**2 + 2*c + 6. Determine g(r).
-114
Let j = -543 + 551. Let k(t) = 10 - 29 + j*t**2 + 8*t + 13 + 0*t**3 + t**3. Calculate k(-7).
-13
Suppose 12 = 9*w - 5*w. Suppose 0*l = -2*y - 3*l + 6, -3*l = y - w. Let b(s) = -7 + 5*s - 5*s**2 + 0 - s**y + 0*s**2. Calculate b(-6).
-1
Suppose w = -136*j + 131*j + 32, -4*w + 43 = 3*j. Let b(h) = -h**3 + 5*h**2 + 2*h - 2. What is b(j)?
8
Let k = 2344 + -2326. Let s(l) = 2*l - 46. Give s(k).
-10
Let z(u) = -3*u**3 + u**2 - 2. Let y(t) = -13*t**3 + 37*t**2 - t + 27. Let w(o) = -y(o) + 4*z(o). What is w(33)?
-2
Let y(l) = 138*l**2 - 4*l - 8 - l**2 - 134*l**2. Give y(3).
7
Let k(y) be the second derivative of -y**3/6 + 13*y**2/2 + 4*y - 6. Let u be 333/27 + 2/3. Calculate k(u).
0
Let q = -17 + 20. Let w(k) = -3*k + 1 + q*k**2 - 3*k**2 - k**2 + 5*k. Give w(-5).
-34
Let y(c) = -11*c**3 + c**2 + 147*c + 147. Let w be y(-1). Let z(m) = m - 3. Determine z(w).
9
Suppose 3*o + 3*b = 18, 2*b + 0 = o - 9. Let g be (((-385)/20)/o)/((-1)/4). Suppose -g*z + 14*z = 21. Let x(y) = -y**2 + 7*y. Give x(z).
0
Let q(i) = 6*i**2 - 20*i + 2. Let d(o) = -39*o + 199. Let w be d(5). Calculate q(w).
18
Let y(k) be the third derivative of -2/3*k**3 + 0 - 97*k**2 + 0*k + 1/30*k**5 + 1/8*k**4. Calculate y(-3).
5
Let g(h) be the third derivative of h**6/120 + 3*h**5/20 - 5*h**4/12 + 4*h**2 + 194. Calculate g(-10).
0
Suppose 3*m = -6, 4*z + 19*m = 17*m + 16. Suppose z = -9*x + 23. Let s(a) = 5*a - 4. Calculate s(x).
6
Let t(y) = y - 11. Let q(j) be the first derivative of 3*j**2/2 - 32*j + 19. Let l be -6 - (0 + (4 - 2)). Let c(k) = l*t(k) + 3*q(k). Determine c(5).
-3
Let o be (-9)/6*(-20)/6. Suppose -o*h = -10, 3*c - 4*h + 18 - 1 = 0. Let t(q) = 6*q**2 + 6*q**2 - 11*q**2 + q + 2 - 5. Determine t(c).
3
Let p(c) = -4*c**3 - 16*c**2 - 6*c - 12. Let l(r) = -r**3 - r. Let j(a) = 2*l(a) - p(a). Let k be j(-8). Let x(u) = -u**3 - 20*u**2 + u + 25. Determine x(k).
5
Let y(q) = 77*q**3 - q + 2. Let c(z) = 2*z**2 - 25*z - 551. Let u be c(24). Calculate y(u).
78
Let v be (12/(-10))/(4*3/(-120)). Let f(h) be the third derivative of 0*h - 1/5*h**5 + 1/120*h**6 + 3*h**3 - 10*h**2 - 1/12*h**4 + 0. Determine f(v).
-6
Let v(q) = 17*q - 23*q + 10*q - 20 + 11*q. Calculate v(-5).
-95
Let a(d) be the first derivative of d**4/4 - 7*d**3/3 + 3*d**2/2 - 6*d - 395. What is a(5)?
-41
Let q(z) be the first derivative of z**5/20 - 3*z**4/4 + 4*z**3/3 + 10*z - 77. Let l(s) be the first derivative of q(s). What is l(8)?
0
Let h(o) = -o**3 - 3*o**2 - 2*o - 1. Let u(m) be the first derivative of m**2/2 - 9*m + 13. Let t be u(7). What is h(t)?
-1
Let j(r) = r**2 - 5*r + 13. Let w be j(10). Let h(v) = 1 + 62*v - v**2 + w*v - 128*v. Let u(i) = i**2 + 6*i - 5. Let o be u(-7). Give h(o).
-9
Let v = -44 - -42. Let q(y) = -18926*y + 4 + 0 + 18922*y - 9. Determine q(v).
3
Let a(o) = 4*o**2 + 3 + 6*o - 2 + 0 - 3*o**2. Let p = -40 + 75. Suppose -2*g + p = -4*g + 5*c, 4*g = -4*c. What is a(g)?
-4
Let p(o) = -o**3 + 12*o**2 + 15*o - 26. Let m be p(13). Let r = 1 + 6. Let g(l) = 9 - 10 + l - r - 2*l. Determine g(m).
-8
Let z(s) = -2*s + 5. Let r be 4*319/264 - 1/(-6). Suppose -6 = -5*b + 14. Suppose r*c = -2*t + 33, 3*c + b*t - 31 = -0. Give z(c).
-5
Let q(s) be the first derivative of s**2 + 27*s - 2259. Determine q(-10).
7
Suppose -143 = -14*a + 53. Let g(x) = -2*x**3 + 27*x**2 + 6*x + 19. Determine g(a).
-93
Let d(z) be the second derivative of -z**8/6720 - z**7/630 - z**6/120 - z**5/30 + 8*z**4 - 9*z + 2. Let a(u) be the third derivative of d(u). What is a(-4)?
20
Let m(b) = -b**3 + 2*b**2 + 5*b - 4. Let t be m(3). Let p(j) = 0*j + 2 - 8 - 4*j + t. Let x = -15 + 19. Determine p(x).
-20
Let u(z) = z**2 + 5. Let l(s) = -11*s - 160. Let p(m) = -11*m - 157. Let o(a) = -5*l(a) + 4*p(a). Let r be o(-16). Calculate u(r).
21
Let o(r) = -6*r - 7. Let s be 21/(33/(-11))*1. What is o(s)?
35
Let l(k) = -k**3 - 8*k**2 - 8*k - 2. Let p(w) = -24*w**3 - 7 + 7*w**3 + 13*w**3 - 11*w**2 + 5*w**3. Let u be p(11). What is l(u)?
5
Let f(x) = -x**2 - 4*x - 3. Let u(m) = -m**2 + 2*m. Let r be u(2). Let p be (r + -8)*(-4)/8 + -1. Let v be ((-33)/(-22))/(p/(-4)). Calculate f(v).
1
Let i(x) = x**3 - 11*x**2 - 2*x + 16. Let m be 19/(95/3) + (-84)/(-10). Suppose -43 = m*h - 142. Give i(h).
-6
Let n be (-204)/442 + (-12)/(-26). Let k(q) = q**3 + q**2 + 14*q - 4. What is k(n)?
-4
Let q(p) = -2*p + 1. Suppose 4*z - 5*o + 238 = -1065, -352 = z + 4*o. Let k = 340 + z. Determine q(k).
-15
Let h(v) = -325*v**2 + 118*v**2 + 210*v**2 - 27. Give h(0).
-27
Let m(u) = -u + 14. Let b(g) = -g + 17. Let 